 l. What are the prime factors of f?
2, 3, 113
What are the prime factors of 4/(-20) + (-19308)/(-15)?
3, 11, 13
Let z = 356 - 238. What are the prime factors of z?
2, 59
List the prime factors of (132/198)/((-1)/(-963)).
2, 3, 107
Let x(g) = -3331*g**3 + 3*g**2 + g - 1. What are the prime factors of x(-1)?
2, 7, 17
Let m = 618 + -577. List the prime factors of m.
41
List the prime factors of 582/(-4)*((-18)/1 + 4).
3, 7, 97
Let b be (-2)/((1/2)/(3/2)). List the prime factors of (4*4/b)/(5/(-30)).
2
Let b be (-4 + (-75)/(-20))*-20. Let n be (-3)/9 + 128/6. Suppose 3*z = -4*i - n + 73, b*i = -25. List the prime factors of z.
2, 3
Let p(o) = -2*o**3 - 5*o**2 + 3*o + 4. Let t(v) = -v**2 + 7*v - 11. Let l be t(6). List the prime factors of p(l).
2, 3, 19
Let l(r) = 5*r**2 - 7*r + 15. Let b(k) = -9*k**2 + 14*k - 29. Let v(w) = -6*b(w) - 11*l(w). Let g be v(-7). What are the prime factors of (-6 - -3)*(-96)/g?
2
Let t be (1/(-2))/(2/4). Let d(r) = -r**3 + 29*r**2 + 28*r + 60. Let f be d(30). What are the prime factors of 18 - (f - (t + -2))?
3, 5
Let h(p) = p**2 - 26*p + 20*p - 10 - 12. What are the prime factors of h(-8)?
2, 3, 5
Let t(j) = 0*j**2 + 1 + 2*j**2 - 5 - 2*j. Let x be t(3). What are the prime factors of (-6)/x - 76/(-16)?
2
Let q(k) = 13 - 39*k + 39*k + k**3 - 10*k**2. List the prime factors of q(10).
13
Let z = 6 + -5. Let b = z + 37. Let g = b + -22. List the prime factors of g.
2
Let z(a) = -67*a + 643. What are the prime factors of z(-28)?
11, 229
Suppose -21 - 42 = -3*i - 4*l, -4*i = 4*l - 84. What are the prime factors of i - 17 - (-7 + -1)?
2, 3
Let s = -11 + 27. Suppose -5*h + 15 = 0, -w - 5*h = -h - s. What are the prime factors of w?
2
Let b = 705 + -361. List the prime factors of b.
2, 43
Suppose -3*h = -4*h - 4. Let a be 0*((-1 - h) + -4). Suppose a*i - 72 = -2*i. What are the prime factors of i?
2, 3
Let r(i) = i**3 - 3*i**2 - 10*i + 15. Let w(v) = v + 4. Let o be w(2). What are the prime factors of r(o)?
3, 7
Let f(i) = -i - 2. Let k be f(-5). List the prime factors of (-3 - (-3 - 201))/(k/2).
2, 67
Let b(o) be the third derivative of 0 + 1/120*o**6 - 1/6*o**4 + 4/3*o**3 + 0*o - 1/15*o**5 + 6*o**2. What are the prime factors of b(5)?
13
Suppose -60 = -2*w + 46. Let o = -21 + w. What are the prime factors of o?
2
Suppose -10*r + 25*r = -6195. Let n = r - -688. What are the prime factors of n?
5, 11
Let a = -8 - -9. Suppose -2*f + 4*l - 7 = a, 26 = f + 4*l. Suppose -2*s = -16 - f. What are the prime factors of s?
11
What are the prime factors of (-2 - -1)*(66 - 5521)?
5, 1091
Suppose -4*x - 8 = -2*x. Suppose 9*o = -11*o + 120. What are the prime factors of 52 - 3*x/o?
2, 3
Suppose -56 = -v - 51, 5*v = -4*a + 6585. What are the prime factors of a?
2, 5, 41
Let y = 153 + 161. Suppose -n - 4*n = -j - y, 3*j = -12. List the prime factors of n.
2, 31
Suppose 4*s + s - 30 = 0. Let n(b) = b**3 - 4*b**2 - b - 11. What are the prime factors of n(s)?
5, 11
Suppose 0 = 4*b - 2*a - 1428, 0*b + 738 = 2*b + 5*a. Suppose -b - 169 = -8*h. What are the prime factors of h?
2, 3, 11
Let o = 317 + -231. List the prime factors of o.
2, 43
Suppose 0*k - 3*o = -3*k + 27, 5*o + 37 = 3*k. Suppose -v - 3*c = -252, -k*c + 856 + 393 = 5*v. List the prime factors of v.
3, 83
Let l = 15 - 13. Suppose -3*c - 8 = -q, l*c + 2*q - 2 = -q. What are the prime factors of ((-27)/c)/(11/22)?
3
Suppose 6319 = 5*g + p + p, -5*p + 10 = 0. List the prime factors of g.
3, 421
Let b be (51/(-5))/(((-16)/20)/(-4)). Let n = b - -315. What are the prime factors of n?
2, 3, 11
Let z(d) = d + 0 - 7 + 6. List the prime factors of z(16).
3, 5
Let k(c) = -c**3 - 20*c**2 + 51*c - 37. What are the prime factors of k(-26)?
2693
Let k be 1 + (-536)/(-14) - 4/14. Suppose -c - 15 = -k. What are the prime factors of c?
2, 3
List the prime factors of 476 + (1 - 0)*-2.
2, 3, 79
Suppose 0 = -5*f - 28*f + 191037. What are the prime factors of f?
7, 827
Let u = 117 + 1788. What are the prime factors of u?
3, 5, 127
Let r(h) = h**3 + 25*h**2 - 25*h + 30. What are the prime factors of r(-15)?
3, 5, 59
Let c(r) = 60*r - 205. List the prime factors of c(49).
5, 547
Let t = 32 + -29. Suppose 5*d - 2*v - 577 = 0, -d + t*d + 2*v - 242 = 0. List the prime factors of d.
3, 13
Let z be ((-36)/20)/((-3)/10). Let v(q) = 2*q - 9. Let j be v(6). Suppose 5*f - 4*d - 96 = 0, -f - j*d - 2 + z = 0. What are the prime factors of f?
2
Let s(j) = -j**2 - 21*j + 2. Let y(c) = -c**2 - 2 - 2 + 4. Let r be y(4). What are the prime factors of s(r)?
2, 41
Let h be (-32)/(-96) - (-949)/(-3). Let u = h + 580. What are the prime factors of u?
2, 3, 11
Suppose 2*z = 5 - 17. Let q(t) = t**3 + 5*t**2 + 7. Let i be q(z). Let w = i + 95. What are the prime factors of w?
2, 3, 11
List the prime factors of 7 + (1497 - 1) + 6.
3, 503
Suppose -4*d + 36 = 4*p, 3*d + 4*p - 21 = -p. Let h be (-11)/(-4) - (-3)/d. List the prime factors of (29 - 5)/(h/4).
2
Suppose 0 = 2*u - 10, 5*s - 5*u = 260 - 35. What are the prime factors of s?
2, 5
Let j = -1086 - -2275. List the prime factors of j.
29, 41
Let z(p) = 129*p**3 + 10*p**2 - 7*p - 7. Let s(a) = -86*a**3 - 7*a**2 + 5*a + 5. Let m(y) = 7*s(y) + 5*z(y). What are the prime factors of m(1)?
2, 11
What are the prime factors of 128/32 + 0 + 208?
2, 53
Let p = -39 + 10. Let w(x) = -4*x + 27. Let g be w(-11). Let m = g + p. List the prime factors of m.
2, 3, 7
Suppose -3*k + 54 = -117. Suppose 33 = 3*s - 9. Suppose d + s - k = 0. List the prime factors of d.
43
Let h = -21 + 8. Let y(m) = -m**3 - 14*m**2 - 12*m + 9. Let o be y(h). What are the prime factors of 170/o*8/(-10)?
2, 17
Let u(i) = -2*i**2 - 59*i + 1524. What are the prime factors of u(0)?
2, 3, 127
Suppose 4*v - 22 = 2*v. Suppose 4*w + 2*w = 42. Let h = v - w. List the prime factors of h.
2
Suppose -962 = -4*n - 5*q - 0*q, 0 = 3*n - q - 731. Suppose -241 = -8*p + 3*p - 2*z, z = -5*p + n. List the prime factors of p.
7
Let y(h) = h - 6. Let v be y(8). Suppose -v*r - 4*r = -18. List the prime factors of (r - -3) + (3 - 1).
2
Let u(d) be the second derivative of 2*d**3/3 + d**2/2 - 4*d. Let y be u(1). Suppose 3*k - r = 4 + 3, -2*k = -r - y. What are the prime factors of k?
2
Let p = 114 - 112. Let n(u) = 25*u**3 - 4*u**2 + 6*u - 2. What are the prime factors of n(p)?
2, 97
Let p(o) = -2*o**2 - 21*o - 7. Let v be p(-10). Suppose -115 = -2*y - v*y. What are the prime factors of y?
23
Let u(v) be the first derivative of -3*v**2/2 + 28*v - 11. List the prime factors of u(0).
2, 7
Suppose c - 5*k = -6, 3*c - 2 = -5*k - 0. Let l be c/(1/(-3 + 65)). Let t = -43 - l. What are the prime factors of t?
19
Suppose -10873 = -3*d + 7625. List the prime factors of d.
2, 3083
Suppose 7*v = 3*v. What are the prime factors of 0 + 3 + v + (0 - -39)?
2, 3, 7
Let w = 388 + -49. List the prime factors of w.
3, 113
Let w(d) be the first derivative of 29*d**2/2 + d - 1. Let t be w(1). Suppose -t + 78 = 3*a. What are the prime factors of a?
2
Let h be 3 + 0*2/6. Suppose 7*v = h*v + 16. Suppose 76 = -0*i + v*i. What are the prime factors of i?
19
What are the prime factors of (18/(-8))/(-5*1/8580)?
3, 11, 13
Let t(f) be the first derivative of f**4/4 + 3*f**3 - 7*f**2/2 - 15*f + 27. List the prime factors of t(-6).
3, 5
Let x = 2 - -2. Let f be 0 - (-4 + (x - 2)). Suppose 2*h + 0*h = -f*t + 48, -5*h + t = -108. What are the prime factors of h?
2, 11
Let s(n) = -49*n**3 - n**2 - 14*n - 5. List the prime factors of s(-2).
3, 137
Suppose -8*q = -2091 + 19. What are the prime factors of q?
7, 37
Suppose -m + 3 = -0*m. Suppose -6*b - m = 3. What are the prime factors of -4 + b*(-40 - 1)?
37
Let d = -12 + 15. What are the prime factors of (d/(-2) + (-1015)/(-14))*1?
71
Let m(o) = 4*o + o**2 + 4*o - 7*o. List the prime factors of m(-3).
2, 3
Suppose 5*c = 50 + 20. List the prime factors of (200/(-28))/(((-6)/c)/3).
2, 5
Let j(a) = 80*a**2 - 10*a - 140. List the prime factors of j(-6).
2, 5, 7
Let o = -15 - -10. Let h = -5 - o. List the prime factors of 25 + h*(-3)/9.
5
Let z = -30 + 30. Suppose -5*c + 5*w = 85, -3*c + z*c - 5*w = 27. Let o = -9 - c. What are the prime factors of o?
5
Suppose 10*h - 3*h = 385. Suppose -3*z = -2*a - 0*z + 49, -3*z = 2*a - h. List the prime factors of a.
2, 13
Let r(t) = t**3 - 9*t**2 - 18*t + 20. Let p be r(11). Let j = p + -3